 -87 + 89. Suppose -4*h = k*y - 1368, -3*y - h = -1670 - 392. What is the hundreds digit of y?
6
Suppose 0 = 11*a + 3*a. Suppose -5*w = -a*w - 30. Suppose w*u - 2*u = 16, -5*u = 3*i - 533. What is the units digit of i?
1
Let c = -19732 - -36567. Suppose 0 = -3*w - 10*w + c. What is the tens digit of w?
9
Let o = -48244 + 79529. What is the tens digit of o?
8
Let u(b) = -b**2 - 5*b + 19. Let z be u(-7). Suppose i + i = -5*o + 427, -z*o = 5*i - 1075. What is the tens digit of i?
1
Let b(j) = -4118*j**3 - 17*j - 19. What is the hundreds digit of b(-1)?
1
Suppose -32*p = -34*p - 2006. Let i = -691 - p. What is the tens digit of i?
1
Suppose 395 = 45*m + 80. Suppose m*y - 11*y = -2184. What is the hundreds digit of y?
5
Let o be (74*2/6)/((-48)/1512). Let v = o + 1151. What is the units digit of v?
4
Suppose -6 = -3*w, -5*w + 19 = 2*h - 1. Let p be 7/((-7)/(-6)) + 0. Suppose 3*n = -h*s + p*n + 435, -3*s + n + 257 = 0. What is the units digit of s?
4
Let h be (18/(-3) - -6)/(1 - 2). Suppose -4*l + z + h*z + 1126 = 0, -3*l + 3*z + 849 = 0. What is the hundreds digit of l?
2
Suppose -4*m + 205 = 185. Suppose 3*x - 870 = m*w, 2*x - 787 = 4*w - 209. What is the hundreds digit of x?
2
Suppose -4*n - 4*o + 339 + 293 = 0, 0 = -2*n - 5*o + 310. Let p = n - -487. What is the tens digit of p?
4
Suppose 0 = 70*b - 2992226 + 145956 - 375200. What is the hundreds digit of b?
0
Suppose 61*a = 32*a + 27592 + 396997. What is the units digit of a?
1
Let s(h) = -h**2 - 19*h - h**2 - 10*h + 11*h - 18. Let u be s(-8). What is the hundreds digit of (0 + u/(-1) + -1)*173?
1
Suppose 1 = -p, 2*b - 59 = -9*p + 4*p. Let r(f) = 7*f - 94. What is the units digit of r(b)?
0
Let a be ((-4)/12)/(3/(-18)). Suppose -5*z + 3362 = 3*s, 97 = -a*s + 2*z + 2349. What is the thousands digit of s?
1
Suppose -2*q - 15*g + 12*g = -1072, -2*q + 1044 = -4*g. Suppose -2*v + r + 1085 = -0*r, v = 3*r + q. What is the tens digit of v?
4
Suppose -211*i + 230*i - 262352 = 0. What is the ten thousands digit of i?
1
Suppose 4*h + 7 = 7. Suppose -x - x - 274 = h. Let j = 217 + x. What is the tens digit of j?
8
Let i(f) be the second derivative of 17*f**3/6 - 8*f**2 - f. Let m = -2575 + 2583. What is the units digit of i(m)?
0
Suppose -31936 = -30*x + 49574. Let z = x + -1426. What is the units digit of z?
1
What is the thousands digit of (-2)/(-31) - 162575600/(-3751)?
3
Let w(s) = -s**3 - 20*s**2 + 11*s - 20. Let x be w(-27). Let v = -3148 + x. What is the tens digit of v?
3
Let w = -82 - -202. Suppose 3*b - 20 = -b. Suppose b*t = 450 - w. What is the tens digit of t?
6
Let r = -813 - -529. Let k = r - -503. Let l = -126 + k. What is the units digit of l?
3
Suppose 191844 = 5*n - q, -3*q + q = -n + 38358. What is the hundreds digit of n?
3
Suppose -21*b = -20*b - 4. Suppose -5*g + 0*j = -b*j - 12, -4*g - 6 = 2*j. Suppose 15*m - 10*m - 190 = g. What is the units digit of m?
8
Suppose 4*t + 1 = -3*o + 24, 0 = -t - o + 6. Suppose 4*j - 483 = n + 500, -2*n + 1232 = t*j. What is the units digit of j?
6
Let q(z) = z**3 - 10*z**2 + 13*z - 342. What is the units digit of q(19)?
4
Let w be (703 + 44)*(-1 - 6). What is the hundreds digit of 2/((9/w)/(-1))?
1
Let x = -662 + 1120. What is the units digit of x?
8
Let f(j) = -j**2 + 18*j - 12. Let x be f(31). Let t = 636 + x. What is the hundreds digit of t?
2
Suppose -10 + 0 = 2*p, 0 = 3*k - p - 31517. What is the tens digit of k?
0
Suppose 4*z - 4*h = -48, -4*z + 5*h + 16 = 68. What is the hundreds digit of (-4)/z*10 - 4 - -212?
2
Let f = 126397 + -74883. What is the tens digit of f?
1
Suppose 0 = -4*s + 2*w + 41922, 10*s = 5*s + 4*w + 52395. What is the tens digit of s?
8
Let t(j) = -j**3 - 4*j. Let u be t(-4). Suppose 12*p + 3 = 13*p, -p - 90 = -d. Let n = d - u. What is the units digit of n?
3
Suppose -640 = 5*k + 1585. Let h = k - -850. What is the units digit of h?
5
Suppose -27244 = -2*s + 3*h, -3*h - 19584 = -3*s + 21288. What is the ten thousands digit of s?
1
Let a = -245 + 254. Suppose o + 4*m - 805 = 0, -7*o + m - 1610 = -a*o. What is the tens digit of o?
0
Let d = -3144 - -7035. What is the units digit of d?
1
Suppose -122*i + 6 = -121*i, -49508 = -x + i. What is the hundreds digit of x?
5
Suppose 0 = -3*f + 18, -5*g - 34604 + 128263 = 4*f. What is the thousands digit of g?
8
Suppose 5*q + 15 = 0, -5*q - 480 = -y - 6*q. Suppose -5*s + 332 = -y. Suppose -s - 491 = -3*p. What is the units digit of p?
8
Let p(a) = -2*a - 57. Let r be p(-31). Suppose -2*g - 5*n - 360 = -4*g, 5*g = -r*n + 865. What is the tens digit of g?
7
Let u = -432 + 683. Let n = 102 + -242. Let x = u + n. What is the units digit of x?
1
Suppose 144*d + 66 = 138*d. What is the thousands digit of 1238 + 6 - (-5 - d)?
1
Suppose -225*p + 156924 = -207*p. What is the tens digit of p?
1
Suppose 5*r = -v - 415, -6*v - 1698 = -2*v + r. Suppose 38*h - 13*h = -16375. Let n = v - h. What is the units digit of n?
0
Suppose 20*y = 28*y + 24*y - 772736. What is the tens digit of y?
4
Let i be -4*(108/16)/(-9). Suppose 289 = i*d - 8. Suppose -3*c = 2*v - 188, -v - 4*c + d = -0*v. What is the tens digit of v?
9
Suppose -3*c + 3863 = c + 5*w, -4*c + 3864 = 4*w. Let q = c + -541. What is the tens digit of q?
2
Suppose 0 = 52*i - 58*i + 32208. What is the hundreds digit of i?
3
Suppose 3*i + 5*h = -0*h + 16555, 0 = 4*i + h - 22079. Suppose -6*y = -i + 1902. What is the units digit of y?
3
What is the tens digit of 6/(-14) + 21653188/1414?
1
Let h = 8053 + 1574. What is the thousands digit of h?
9
Let k(p) = -p**3 + 18*p**2 - 9*p + 4. Let w be k(17). Suppose w = 3*i - 232. What is the hundreds digit of i?
1
Let v = 31432 - 27643. What is the tens digit of v?
8
Let s = 607 - 605. Suppose -s*a - 1282 = -3*n, n = -0*n - a + 424. What is the units digit of n?
6
Let b(v) = -3*v - 111. Let g be b(17). Let q = g - -202. What is the tens digit of q?
4
Suppose -5*u + 185 = -2*h - 151, 0 = 5*h - 10. Suppose 4*d - 1596 + u = 0. What is the units digit of d?
2
Let g(j) = -360*j - 33. Let n be g(-3). Suppose 0 = -28*o + 1781 + n. What is the tens digit of o?
0
Suppose 144*d - 137*d = 388318. What is the hundreds digit of d?
4
Let x(n) = -198*n + 10333. What is the units digit of x(0)?
3
Let j(v) = -v**2 - 4*v - 8. Let i be j(-3). Let t(s) = -s**2 - 9*s + 12. Let b be t(i). Suppose -4*k + 804 = -b. What is the tens digit of k?
0
Let r(n) = 5*n**3 + 55*n**2 - n - 10. Let d be r(-7). Let k = 196 + d. What is the units digit of k?
3
Let i be (4 + -3)*-1*-29. Let q = i - 25. Suppose 0 = -2*a - 3*p + 128, q*p - 2*p - 64 = -a. What is the units digit of a?
4
Let m be 1/(0/(-3) + 3 + -4). What is the units digit of 3 - (-20 + 17 + 48*m)?
4
Let n be 9/18*0/(-2). Suppose -16*q + 57*q - 39811 = n. What is the tens digit of q?
7
Let c = 3079 + -1987. Suppose 1836 = 8*l - c. What is the units digit of l?
6
Let s(w) = 14*w**2 + 12*w + 54. What is the hundreds digit of s(-14)?
6
Let s = 7081 - -270. What is the tens digit of s?
5
Let m = -331 - -333. Let o(c) = 44*c**3 + 5*c**2 - 11*c - 3. What is the tens digit of o(m)?
4
Let p = 41315 - 13069. What is the units digit of p?
6
Let l(f) = -26*f + 35 - 13*f - 8. What is the hundreds digit of l(-9)?
3
Suppose 3*z + 4*s - 54 = 0, 2*s - 71 = -4*z - 3*s. Let u be (-5)/((-40)/(-3)) - (-27)/72. Suppose -f + 7 + z = u. What is the tens digit of f?
2
Let i(q) = -8*q**3 - 35*q**2 - 327*q + 34. What is the hundreds digit of i(-11)?
0
Let y(w) = 215*w**3 - 13*w**2 + 22*w - 33. What is the units digit of y(4)?
7
Suppose -2*a = -4*k - 20, 26 = 5*a + k - 3*k. Let x be (a/3)/(4/(-294)). Let y = x + 174. What is the units digit of y?
6
Let g be (7 - 136/24)*3/2. Suppose -2*t + 344 + 288 = 0. What is the tens digit of (-5 + t/(-8))/((-1)/g)?
8
Suppose 3*y + 100 = 5*y. Suppose -3*a = 2*a - y. What is the tens digit of (-204)/(-10)*a/4?
5
Suppose 2*g = -g + 2211. Let o be (-579)/(3 - 6 - (1 - 3)). Suppose 4*u + 0*u = -3*k + g, 0 = 3*u - 3*k - o. What is the units digit of u?
8
Let p(q) = -2*q**3 - 9*q**2 - 10*q - 10. Let j be p(-5). Let y = j - -181. What is the tens digit of y?
4
Let t = 12 - 9. Let u = -407 - -631. Suppose 3*y + 4*p = u, 69 = 2*y - t*p - 69. What is the tens digit of y?
7
Suppose 1 = -19*w - 18. Let n = 120 + w. What is the tens digit of n?
1
Suppose 5*b - 18 = -4*b. Suppose b